 What is the tens digit of m/((-5)/(3 - -17))?
1
Suppose -v - 4*s = 0, 3*v - 4*s - 15 = 1. Suppose 2*c = -v*b + 36, -2*c - 30 - 11 = -3*b. Suppose 8*i - b*i = -15. What is the units digit of i?
5
Suppose -u = -y - 1 - 5, u - 9 = 4*y. Suppose -4*v = 2*k - 14, 2*v - 17 = -2*k + u. What is the units digit of k?
5
Suppose 3*z = -190 + 22. Let g be z/(-3) - (-8)/(-12). Suppose 3*c + 3*m - 156 = g, 0 = 4*m - 16. What is the units digit of c?
4
What is the units digit of 3266 + 9/(-18)*22?
5
Suppose -13*x = -17*x + 1856. Let h = x - 231. What is the units digit of h?
3
Let t = 591 - 312. What is the units digit of t?
9
Let q be 46/161 + 299/7. Let f = q + -41. What is the units digit of f?
2
Suppose -3*j = d - 13, -3*j = j - 16. What is the tens digit of (6 - 4) + 74 - d?
7
Let r be 1*(-8)/20 - 7/(-5). What is the tens digit of (r/2)/((39/(-504))/(-13))?
8
Let i(s) = 3*s**3 - 16*s**2 - 8*s + 38. What is the hundreds digit of i(11)?
0
Let c(w) = 2*w**2 - w + 5. Let a be c(5). Suppose -2*d - a = -16. Let g = 1 - d. What is the tens digit of g?
1
Let d be ((-82)/(-3))/(9/81). What is the units digit of d/78 - 2/13?
3
Suppose 2*l - 5*x - 120 = -3*l, -3*l = -4*x - 77. Suppose -l = -3*s + 2. What is the units digit of s?
7
Let p = 213 + -145. Suppose 0 = o - 4*o + 15. Suppose o*m - m = p. What is the units digit of m?
7
Suppose 0 = -8*b + 4*b + 36. Suppose -486 = -b*m + 6*m. What is the tens digit of m?
6
Let g(x) = 12*x**3 - 12*x**2 - 18*x. What is the hundreds digit of g(7)?
4
Let d = 3432 - 2419. What is the hundreds digit of d?
0
Suppose -15 = 3*v, 0 = -2*o + 14*v - 11*v + 1503. What is the tens digit of o?
4
What is the thousands digit of (-180)/40*214*-3?
2
Suppose 0 = -5*h + 8*h - 315. Suppose 8*t - 9*t = -h. What is the tens digit of t?
0
What is the tens digit of -1 + 5*(-190)/(-5) - -4?
9
Suppose 7 = -3*l + c, 2*l + l + 2*c + 4 = 0. Let u = l + 6. Suppose u*x - 104 = -i - 0, x + 5*i - 7 = 0. What is the units digit of x?
7
Let d(z) = z**3 - 8*z**2 + 9*z - 6. Let k be d(7). Let y = -65 + 88. Let t = y + k. What is the tens digit of t?
3
Let h = 50 + -47. Suppose h*j = 356 - 53. What is the tens digit of j?
0
Let v = 0 - -3. Suppose -3*u - 4*p + p + 24 = 0, -4*p = 4. Suppose -v*w + 84 = -3*h, -3*h + 57 = 2*w - u. What is the tens digit of w?
3
Let l(k) = k. Let a(o) = -9*o**2 - 2*o + 2. Let c(r) = -a(r) + l(r). Let v be c(1). What is the tens digit of (24/(-5))/((-2)/v)?
2
Let f(w) = w**3 - w**2 - 8. Let o be f(0). Let h be 0/((-1)/(4/o)). Suppose h*u - 3*u + 90 = 0. What is the units digit of u?
0
Suppose -2*h + 7 = o - 4*h, -o + 2 = -h. Let z = o - 1. Let f = z + 7. What is the units digit of f?
3
Let h = 42 + -37. What is the units digit of (390/(-4))/h*-4?
8
Let x(t) = 9*t - 5. Suppose -11*k = -k - 70. What is the units digit of x(k)?
8
Let u = -1591 - -2194. What is the hundreds digit of u?
6
Let i be ((-4)/1 + 1)*-1. Suppose -n - i*n + 136 = 0. What is the tens digit of n?
3
Let d(v) = -3*v**3 + v**2 + 5*v. Let f(a) = a**3 + a**2 + 1. Let q(r) = d(r) + 2*f(r). Let w be q(4). What is the units digit of (-4)/(-24)*5*w?
5
Let n be (-6)/(-27) + 1749/27 + 3. Let p = n + 161. What is the hundreds digit of p?
2
Suppose 4*r + 421 = 3*z, 6*z + 3*r = 5*z + 123. What is the hundreds digit of z?
1
Let y be (3 - 2)/(1/3). Suppose 154 = 2*c + y*q - 2*q, 4*c - 280 = 5*q. What is the units digit of c?
5
Suppose -2*u = 2*o + 37 + 169, 2*o = 2*u + 206. Let r = u - -144. What is the tens digit of r?
4
Let l(c) = -31*c - 7. What is the tens digit of l(-21)?
4
Let k(b) = 34*b**2 + 8*b + 122. What is the hundreds digit of k(-5)?
9
Suppose 0 = -3*w + h + 11, 4*w + 0*h - 28 = 4*h. Let z(n) = -n**3 + 22*n**2 + 54. Let u be z(22). What is the tens digit of w/(-9) - (-714)/u?
1
Let d = -16 - -22. Suppose -3*a + d*a = 33. Suppose w - 65 = -4*p - 4, p = 4*w + a. What is the units digit of p?
5
Suppose 0 = 4*f + 14 - 14. Suppose -5*y + 8*y - 603 = f. What is the units digit of y?
1
Suppose -7*m + 45 = -11. What is the tens digit of (-1 + 79/(-2))/((-4)/m)?
8
Let l(s) = s**3 + 8*s**2 + 10*s - 8. Let h be l(-6). Suppose -a + 66 = -h*q, a - 36 - 30 = q. What is the tens digit of a?
6
Suppose 36 - 116 = -4*f. Suppose 17*h - f*h = -528. What is the tens digit of h?
7
Let i = -400 - -697. Let u = i - 206. Suppose -m - u = -5*m - p, -p = -3*m + 70. What is the units digit of m?
3
Let y(t) = -t**3 + 5*t**2 - 2*t + 10. Let a be y(6). Let v = -14 - a. What is the tens digit of v?
2
Let j(q) = q**2 - 11*q + 24. Let h be j(7). What is the tens digit of 3 - (-1644)/33 - h/22?
5
Suppose -4*j - o = 2, j - o + 4*o = -6. Suppose -a + 5 - 7 = j. What is the units digit of (-5 + -1)*17/a?
1
Let s(x) = -x + 6. Let v be s(4). Suppose -w = -v*q - 0*q + 17, 5*w - 25 = 0. Let i = q + -1. What is the tens digit of i?
1
Let j(m) = -m**3 - 3*m**2 - 4*m - 3. Let d be 3/2*78/9. Let o be (-6)/(-24) - d/4. What is the units digit of j(o)?
9
Suppose -5*k + m - 13 = 5, 3*m = 4*k + 21. Let i = k + -3. Let b(x) = -x + 8. What is the units digit of b(i)?
4
Let f = -368 - -1070. What is the units digit of f?
2
Let a(u) = u**2 - 46. Let f be a(-7). Suppose x - f*g + 4*g = 284, 0 = -x - 3*g + 278. What is the tens digit of x?
8
Let h be 1/(-3 - (-166)/56). Let t be -36*(h/(-12))/(-1). Suppose -28 = 5*u - 6*u + v, t = 3*u - 5*v. What is the tens digit of u?
2
Suppose -2*u + 7 = l, 0 = 5*u - l + 2*l - 22. Suppose 0 = -5*b - u*c + 65, -2*b = 2*b - 2*c - 34. What is the units digit of b?
0
Suppose 0 = -2*n + 92 + 514. What is the tens digit of n?
0
Suppose -5*p - n + 286 = -3*p, 733 = 5*p - 2*n. Let s = p + -100. What is the tens digit of s?
4
Let z(l) = l**2 - 3*l + 6. Let o be z(-5). Suppose -w + 4*y = -o, -42 = -2*w - 3*y - 5. Suppose -b = -2*b + w. What is the units digit of b?
6
Let b = 10 + -7. Let v = 381 - 384. Let c = b - v. What is the units digit of c?
6
Suppose 72*a - 67*a - 7388 = -4*u, 0 = u - a - 1847. What is the hundreds digit of u?
8
Suppose 4*l + 5*p = 34 - 151, 141 = -5*l - p. What is the units digit of 6*(-2 + 5/3)*l?
6
What is the hundreds digit of 2254/6 + (0 - (-2)/(-3))?
3
Suppose -245 = 2*j - 5*d, -2*d + 621 = -5*j + 2*d. Let r = -55 - j. Suppose -r = 3*s - 8*s. What is the units digit of s?
4
Let f(g) = -161*g - 10. Let b be f(-1). Let w = -19 + b. What is the units digit of w?
2
Let z(u) = 140*u + 11. What is the units digit of z(1)?
1
Let u(z) = -8*z + 3. Let f be u(2). Let q = -11 - f. Suppose -46 = -2*n + 5*w + 6, -q*n = 5*w - 12. What is the tens digit of n?
1
What is the units digit of (12 + -6)/(-1 + 486/482)?
3
Let z = -23 + 26. Let n(j) = -z*j**2 + 0 - 3*j + 7*j**2 + 0 - 2 + j**3. What is the tens digit of n(3)?
5
Let l(m) = -m**3 + 7*m**2 + 12*m - 68. What is the tens digit of l(-9)?
2
Let r = 399 - 215. Let m = -127 + r. What is the units digit of m?
7
Suppose -8*j + 13*j = 15. Suppose 13 = 4*z + 5*r, 19 = 3*z + z + j*r. What is the tens digit of (-2*z)/((-8)/28)?
4
Let q be 4/10 + (-1884)/(-15). Suppose -10*n = -7*n - q. Suppose -12*x + 10*x = -n. What is the units digit of x?
1
Let v(i) = 3*i**3 + 8*i**2 - 24*i + 6. What is the tens digit of v(7)?
5
Suppose s - 3 = 0, -n + 5*n = -s + 51. Suppose n - 105 = -3*l. Let u = l - 3. What is the units digit of u?
8
Let t = 484 + 176. What is the units digit of t?
0
Let q(u) = 41*u**2 - 16*u + 138. What is the thousands digit of q(-11)?
5
Suppose 4*r - 270 = 598. Let t = r + -145. What is the tens digit of t?
7
Suppose 3*l - 9057 = 5*k, -3188 + 161 = -l - k. What is the hundreds digit of l?
0
Let v = 4734 - 2209. What is the hundreds digit of v?
5
What is the units digit of (-6)/(-105)*-5 + 1003/7?
3
Let g(o) = o**2 + o - 2. Let t be g(-3). Suppose 0 = t*m + k - 89 + 16, 3*m + 3*k - 57 = 0. What is the units digit of 1179/m - 2/4?
5
Let i(r) = -7*r - 6. Let n be i(-11). Suppose -3*v - 4*c + 22 = 0, -v + 5*v - 3*c - n = 0. What is the tens digit of v?
1
Let y be 2 + 4/((-4)/(-3)). Suppose -y*x = -3*x + 50. Let v = 44 + x. What is the tens digit of v?
1
Suppose 5*y - 2*u - 20 = 3*u, 3*y - 20 = 5*u. What is the hundreds digit of y*1/3 + 3*38?
1
Let k(m) = -10*m - 21. Let y(o) = o + 1. Let l(s) = k(s) + 2*y(s). What is the tens digit of l(-16)?
0
Let c = -285 - -153. Let z be c/(-30) + (-6)/(-10). Suppose 5 = -z*o + 80. What is the 